t u(v) = 2*v + 75. Give u(8).
91
Let t(s) = -3*s**2 - 88*s + 714. Calculate t(-36).
-6
Let o(f) = -1351*f + 137814. What is o(102)?
12
Let d(f) = -45*f - 258. What is d(-8)?
102
Let w(a) = 3*a**2 + 14*a - 18. Give w(4).
86
Let p(w) = 33*w**3 + 64*w**2 + 21*w + 2. Calculate p(-1).
12
Let i(p) = -p**3 + 7*p**2 - 11*p + 3. What is i(9)?
-258
Let p(x) = x**3 + 2*x**2 - x - 246. Calculate p(0).
-246
Let t(a) = a**2 - 26*a - 34. Calculate t(30).
86
Let y(a) = 45*a + 264. Calculate y(0).
264
Let t(m) = -20*m**2 - 98*m + 10. Determine t(-5).
0
Let h(x) = 5*x**2 + 45*x - 241. What is h(4)?
19
Let v(z) = z**3 - 9*z**2 - 6*z + 91. What is v(7)?
-49
Let r(v) = -2*v**3 - v**2 + 178*v + 533. Calculate r(-3).
44
Let i(b) = -4626*b + 46257. Calculate i(10).
-3
Let d(k) = -k**3 - 37*k**2 + 30*k - 82. Calculate d(-38).
222
Let w(d) = 3*d**2 + 47*d + 58. Give w(-15).
28
Let j(x) = x**2 - 12*x - 259. Determine j(-20).
381
Let x(n) = -n**2 + 6*n + 40. Determine x(-6).
-32
Let v(z) = -z**3 + 74*z**2 - 1347*z - 449. Give v(34).
-7
Let g(d) = -d**3 + 11*d**2 - 19*d - 33. What is g(7)?
30
Let p(d) = d**3 + 89*d**2 + 89*d + 95. Determine p(-88).
7
Let o(g) = 7*g - 19. Give o(-4).
-47
Let y(b) = -b**2 + 19*b + 52. What is y(-3)?
-14
Let u(d) = -195*d + 2. Give u(0).
2
Let v(d) = -d**3 - 9*d**2 + 10*d + 39. Calculate v(-6).
-129
Let l(w) = -63*w**2 + 10*w - 6. Calculate l(-3).
-603
Let o(s) = -19*s**2 - 361*s - 31. Calculate o(-20).
-411
Let o(s) = -4*s**3 - 4*s**2 + s - 4. What is o(-2)?
10
Let m(g) = g**2 - 81*g - 4680. Determine m(-39).
0
Let c(n) = 436*n - 14377. What is c(33)?
11
Let g(o) = o**2 + 11*o + 20. Give g(-7).
-8
Let c(z) = 3*z**2 - 17*z + 26. What is c(11)?
202
Let m(g) = -63*g**2 + 1385*g + 32. Determine m(22).
10
Let x(l) = -l**3 + 330*l**2 + 665*l - 324. Give x(332).
8
Let j(b) = -6*b**2 + 222*b - 5. Give j(0).
-5
Let a(j) = -214*j - 647. Determine a(-3).
-5
Let z(u) = 365*u**2 - 4744*u - 19. Determine z(13).
-6
Let d(h) = 448*h + 18811. Calculate d(-42).
-5
Let u(i) = 7*i**2 + 134*i + 18. Calculate u(-17).
-237
Let o(q) = 21*q - 367. Determine o(18).
11
Let b(u) = -42*u**2 - 277*u + 80. Calculate b(-7).
-39
Let h(l) = -l**3 - 19*l**2 - 60*l - 19. Calculate h(-15).
-19
Let z(l) = -2*l**2 + 62*l - 473. Give z(19).
-17
Let x(m) = -68*m**2 - 55*m + 112. Determine x(2).
-270
Let b(a) = 265*a - 1624. What is b(6)?
-34
Let p(b) = 125*b + 9633. Give p(-77).
8
Let t(n) = 19*n**3 - 118*n**2 + 17*n + 41. Determine t(6).
-1
Let v(u) = 6*u**3 - 245*u**2 - 299*u + 215. Give v(42).
5
Let j(k) = -k**2 + 24*k - 84. Give j(20).
-4
Let h(p) = p**3 + 43*p**2 + 133*p + 2091. What is h(-41)?
0
Let b(a) = 4114*a + 32864. What is b(-8)?
-48
Let r(q) = -12*q**3 + 3*q**2 + 2*q + 4. What is r(2)?
-76
Let h(y) = -2*y**2 + 20*y - 44. What is h(3)?
-2
Let n(q) = -q**3 + 6*q**2 - 19*q + 77. Calculate n(4).
33
Let l(u) = -62*u + 868. Calculate l(14).
0
Let w(k) = 213*k + 1905. Calculate w(-9).
-12
Let g(w) = -300*w**2 + 9*w + 15. What is g(-1)?
-294
Let l(k) = k**3 + 251*k**2 - 2341*k + 18. What is l(9)?
9
Let j(t) = -7*t + 48. Calculate j(2).
34
Let r(d) = d**2 + 32*d - 4. Give r(-33).
29
Let c(r) = -3*r**2 + 43*r - 111. What is c(10)?
19
Let b(k) = -k**2 - 227*k + 1396. Give b(6).
-2
Let g(o) = 89*o - 2788. What is g(30)?
-118
Let s(w) = -w**3 - 51*w**2 - 144*w + 3. What is s(-48)?
3
Let b(o) = o**2 + 12*o - 9. What is b(-16)?
55
Let h(b) = -91*b + 1644. Determine h(18).
6
Let l(p) = -499*p - 3563. Give l(-7).
-70
Let a(f) = -f**2 - 27*f + 175. What is a(-29)?
117
Let q(c) = -2*c**2 + 14*c + 21. Calculate q(11).
-67
Let v(l) = -l**2 + 60*l - 369. Give v(7).
2
Let p(n) = 635*n + 5693. What is p(-9)?
-22
Let a(m) = -97*m - 742. What is a(-11)?
325
Let y(f) = -2*f**3 - 22*f**2 + 30*f - 60. Give y(-12).
-132
Let h(y) = 24*y - 1623. Determine h(69).
33
Let c(n) = n**2 + 226*n - 1143. Determine c(5).
12
Let r(n) = n**3 - 48*n**2 + 97*n - 238. What is r(46)?
-8
Let y(p) = -3*p**2 - 93*p + 456. Determine y(5).
-84
Let f(y) = -16*y + 858. What is f(25)?
458
Let g(s) = -228*s + 2942. What is g(13)?
-22
Let i(l) = 2*l - 100. Give i(86).
72
Let m(h) = 86*h - 161. Determine m(3).
97
Let n(j) = -31*j + 23. Give n(1).
-8
Let s(t) = -60*t - 1417. Determine s(-22).
-97
Let c(f) = -16*f**3 + 3*f**2 - 60*f + 61. What is c(1)?
-12
Let p(d) = 2*d**2 + 1036*d - 6273. What is p(6)?
15
Let d(f) = -2*f**3 + 10*f**2 + 4*f - 8. Give d(7).
-176
Let k(p) = p**3 + 71*p**2 + 72*p + 145. What is k(-70)?
5
Let a(g) = 59*g - 4842. Give a(83).
55
Let h(l) = -34*l + 929. Calculate h(26).
45
Let c(j) = -7*j**2 + 1483*j + 2982. Determine c(-2).
-12
Let l(j) = -2*j**2 + 82*j + 1014. What is l(-10)?
-6
Let p(l) = 96*l**3 + 9*l + 8. Determine p(-1).
-97
Let d(x) = x**2 + 12*x - 29. Calculate d(-14).
-1
Let x(r) = -21*r**2 - r + 14. Determine x(-4).
-318
Let w(n) = n**3 - 2*n**2 - 19*n + 6. Calculate w(7).
118
Let b(v) = v**2 - 353*v + 4720. Determine b(14).
-26
Let x(z) = z**2 - 55*z + 743. Determine x(31).
-1
Let j(z) = -913*z + 14620. Calculate j(16).
12
Let v(o) = -3*o**2 + 298*o - 156. Give v(98).
236
Let g(q) = q**2 + 8270*q + 24800. What is g(-3)?
-1
Let h(l) = 2*l**2 - 16*l - 161. Calculate h(14).
7
Let y(m) = -2*m**3 + 15*m**2 + 60*m - 445. Calculate y(7).
24
Let f(o) = o**3 - 201*o**2 - 184*o - 3650. Calculate f(202).
-14
Let q(w) = w**2 + 16*w - 421. Calculate q(-39).
476
Let g(k) = 9*k**2 + 683*k - 773. Give g(-77).
-3
Let l(d) = -d**3 + 36*d**2 + 35*d - 97. Calculate l(37).
-171
Let s(u) = 10*u + 630. Give s(-59).
40
Let r(q) = 6538*q + 6557. What is r(-1)?
19
Let t(i) = 4*i**2 - 38*i - 153. Give t(-5).
137
Let n(j) = 7830*j - 62638. Determine n(8).
2
Let d(v) = -v**2 - 49*v - 463. Calculate d(-36).
5
Let y(b) = -35*b - 258. Calculate y(-8).
22
Let y(g) = g**2 + 11*g - 87. Determine y(-15).
-27
Let c(g) = -199*g**3 + g**2 - 33*g + 32. Give c(1).
-199
Let t(s) = -31*s - 977. What is t(-33)?
46
Let k(s) = -55*s**2 + 500*s - 12. Calculate k(9).
33
Let n(v) = 8857*v + 97425. Give n(-11).
-2
Let t(c) = 3*c**2 + 32*c - 4. What is t(-8)?
-68
Let h(z) = 74*z - 286. What is h(4)?
10
Let k(t) = -t**3 - 15*t**2 + 33*t + 6. What is k(0)?
6
Let f(j) = -8*j + 164. Determine f(23).
-20
Let z(s) = -779*s - 1554. Determine z(-2).
4
Let x(f) = 23*f**2 - f - 12. Calculate x(1).
10
Let q(v) = -v**2 - 60*v + 10972. Determine q(-139).
-9
Let u(i) = -5*i**3 - 18*i**2 - 8*i - 23. Give u(-4).
41
Let k(g) = -5*g**2 - 37*g - 440. What is k(-8)?
-464
Let k(q) = 10*q + 382. What is k(-36)?
22
Let s(f) = f**2 - 563*f + 3870. What is s(7)?
-22
Let l(c) = 2*c**2 + 10*c + 9. Calculate l(-1).
1
Let y(s) = 127*s**3 - 5*s + 19. What is y(2)?
1025
Let p(h) = 65*h - 398. Determine p(6).
-8
Let g(d) = -6*d**2 + 45*d + 330. Determine g(-5).
-45
Let d(s) = -s**3 + 9*s**2 + 12*s - 125. Calculate d(9).
-17
Let q(i) = -i**2 - 39*i - 324. Calculate q(-22).
50
Let r(k) = -k**2 - 119*k - 1181. Give r(-11).
7
Let h(u) = -6*u**2 + 9*u - 892. Give h(0).
-892
Let t(f) = -17*f**2 + 36*f - 33. Calculate t(1).
-14
Let n(h) = -5*h**3 - 2*h**2 - 7*h - 3. Calculate n(-2).
43
Let c(m) = -m**3 - 10*m**2 + 272*m - 8. What is c(12)?
88
Let p(k) = k**3 - 64*k**2 + 854*k + 43. What is p(19)?
24
Let t(g) = 25*g**3 - 252*g**2 + 16*g + 26. What is t(10)?
-14
Let c(u) = -u**3 + 7*u**2 - 8*u + 235. Give c(10).
-145
Let c(s) = -2*s**2 + 22*s - 4. What is c(12)?
-28
Let b(p) = p**3 + 33*p**2 - 292*p - 10372. What is b(-32)?
-4
Let q(w) = -4*w**2 - 106*w - 36. Give q(-26).
16
Let u(h) = -3*h**2 + 38*h + 2. Calculate u(9).
101
Let t(n) = -3*n**2 + 16*n - 27. Give t(-7).
-286
Let x(u) = u**3 + 12*u**2 + 42*u + 728. What is x(-13)?
13
Let v(t) = 86*t + 5827. Give v(-68).
-21
Let t(a) = 2*a**2 - 37*a + 90. What is t(16)?
10
Let s(w) = 27*w - 2109. Determine s(81).
78
Let y(a) = -a**3 + a**2 - 1660*a - 9. Give y(0).
-9
Let v(f) = f**2 + 37*f - 1275. Determine v(22).
23
Let n(y) = 32*y**2 - 27*y - 24. Give n(-1).
35
Let c(m) = 2*m**2 + 55*m + 317. What is c(-8)?
5
Let v(l) = 3*l**2 + 144*l - 287. Give v(-49).
-140
Let g(z) = -z**3 - 19*z**2 + 966*z - 4. Give g(-42).
-4
Let i(b) = -29*b + 2238. Calculate i(77).
5
Let h(i) = 10*i + 320. Determine h(-33).
-10
Let c(a) = -29*a**2 + 202*a - 200. Determine c(1).
-27
Let w(k) = 15*k**2 - 437*k + 60. What is w(29)?
2
Let b(n) = -n**3 + 2